) = -16*k + 1. Let t be w(-2). What is the highest common factor of n and t?
33
Let o(s) = 2*s**2 - 123*s - 216. Let f be o(64). Calculate the greatest common divisor of 832 and f.
104
Let m(r) = -r**3 + 8*r**2 + 12*r + 11. Let s be m(9). What is the highest common divisor of 6 and s?
2
Let b = -12 - -16. Suppose -4 = -b*r - 4*c, 1 + 7 = 2*r + 4*c. Let s be r/(-9) - 215/(-45). What is the greatest common factor of s and 55?
5
Let g = 187 - 168. What is the greatest common divisor of 1 and g?
1
Let a = -45 + 100. Let c = -6 + 10. Suppose 40 = c*d + 4*h, 0*d = 2*d - 4*h - 26. What is the highest common divisor of a and d?
11
Let i be (0 + -2)*30*2/(-8). What is the greatest common divisor of i and 255?
15
Suppose 3*a = 2*a + 119. Suppose 2*t - 2*h = 34, -9*t + 13*t - 68 = 5*h. What is the highest common divisor of t and a?
17
Let u be (-1)/1*-1 - -7. Let s = 20 + -13. Let g be -7*1*(2 - 18/s). What is the greatest common divisor of g and u?
4
Suppose 0 = 5*o + c - 119, 0*o + 4*o = -c + 95. Suppose 3*p + 1 = -b - p, b - p = o. What is the highest common factor of 38 and b?
19
Let f be (-1 - -2)/(7/35). Let q be 47/7 - (-6)/21. Let s = 8 + q. Calculate the greatest common divisor of f and s.
5
Let f(m) be the second derivative of m**5/20 + 11*m**4/12 - 7*m**3/3 + 3*m**2 - 4*m. Let w be f(-12). What is the highest common factor of 75 and w?
15
Suppose 3*x - 394 = -142. What is the greatest common divisor of 28 and x?
28
Let q = -18 + 42. Let p be 2200/q + (-6)/9. What is the highest common factor of p and 13?
13
Let y be (-70)/7*(-2)/5. Suppose g + y*g - 216 = 2*n, 484 = -4*n - 3*g. Let l = n + 173. Calculate the highest common factor of 22 and l.
11
Let c = -22 - -26. Suppose 6*g = 2*g + 3*s - 67, 3*g = -c*s - 44. Let n = g - -38. Calculate the highest common factor of 22 and n.
22
Suppose -5*x + 3810 = -1120. What is the greatest common factor of x and 17?
17
Let o(t) = -t**3 + 7*t**2 - 9*t + 14. Let k be o(7). Let a be 28/k - (2 + (-214)/7). What is the highest common factor of a and 28?
28
Let w = 4 + -40. Let u = w + 48. What is the highest common divisor of 6 and u?
6
Let h be (732/18)/(2/(-3)). Let i = 77 + h. What is the greatest common factor of 56 and i?
8
Let j(k) = 6 + k**3 - k**2 - 1 - 5*k - k**2. Let a = -113 - -117. Let q be j(a). Calculate the highest common divisor of q and 68.
17
Let q(x) = x**3 - 3*x**2 + 13*x + 1. Let j be q(5). Calculate the highest common divisor of 87 and j.
29
Let l(r) = -5*r**3 + 7*r**2 + 12*r + 18. Let i be l(-2). Let o be 277/3 + 6/9. Let d be (o/(-2))/(1/(-2)). What is the highest common factor of d and i?
31
Suppose -9*n + 600 = 258. Calculate the greatest common divisor of n and 19.
19
Let v be 3 + (-819)/(-49) + (-2)/(-7). Calculate the highest common divisor of 20 and v.
20
Suppose 0 = -n - 4, 0 = 5*h + 3*n - 19 - 9. Let r be (-306)/(-15) + 2/(-5). Calculate the greatest common factor of h and r.
4
Let l = -224 + 228. What is the greatest common factor of l and 4?
4
Let h be 1/((-291)/(-48) - 6). Let q = -20 + 44. What is the highest common factor of h and q?
8
Let t(w) = -4*w + 4. Let m(a) = a. Let g(p) = 3*m(p) + t(p). Let c be g(-14). What is the highest common divisor of c and 162?
18
Suppose 120 = 3*i - 2*i. Let z(f) = -f**2 + 12*f + 11. Let o be z(13). Let m be o/(12/(-94)) - (-24)/(-36). What is the greatest common factor of i and m?
15
Let z(h) = 68*h**2 - h. Let q be z(-2). Suppose 3*f = u - 60, q = 4*u + 5*f - 0*f. Suppose -2*o = -5*o + u. Calculate the greatest common factor of o and 11.
11
Let q be (396/(-8))/((-2)/32*3). What is the highest common divisor of q and 198?
66
Suppose 67 - 3 = 4*w. Suppose 34*s = -0*s + 5984. Calculate the highest common factor of s and w.
16
Let y = -59 + 64. Let w be 182/10 - 7/175*y. Calculate the greatest common factor of 42 and w.
6
Let z(k) = k - 3. Suppose 0 = 4*b + b + 25. Let a be z(b). Let i be a*(-5)/10 + 164. What is the highest common divisor of i and 21?
21
Suppose 0 = -5*z - 5*d + 44 + 186, 0 = 3*d - 15. Suppose z + 9 = 2*f. Let o be (-178)/(-10) + 5/f. What is the highest common divisor of 54 and o?
18
Suppose -17*b = 5*v - 18*b - 172, 2*v - 85 = -5*b. Calculate the greatest common factor of 735 and v.
35
Let h = -2538 + 2624. What is the highest common divisor of 1763 and h?
43
Suppose -3*q + 13 + 8 = 0. Let f(y) = 4*y - 7. Let s be f(q). Let j be 81/36*36/27. What is the greatest common factor of s and j?
3
Let u = 508 - 506. What is the greatest common factor of 7 and u?
1
Suppose -k + 45 + 46 = 2*y, -y = -2*k - 58. What is the greatest common factor of y and 42?
6
Suppose 5*n + 95 = 10*n. Let z = -16 + n. Suppose 102 + 108 = z*m. Calculate the greatest common factor of m and 10.
10
Suppose 24*g - 36 = 23*g. Calculate the greatest common divisor of g and 180.
36
Let h = 667 - 626. What is the highest common divisor of h and 533?
41
Let k be ((-48)/(-30))/(11/165). Calculate the greatest common divisor of 68 and k.
4
Let n = -505 + 511. Calculate the highest common factor of n and 48.
6
Let d(j) = 4*j + 36. Let m be d(11). Suppose 40 = 3*y - 5*q, -5*q = 3*y + 2*y - m. What is the highest common factor of 30 and y?
15
Let a = -15 + 18. Let u(b) = b**2 + 5. Let j be u(4). Calculate the greatest common divisor of j and a.
3
Let t be 8/(-18) + (-3102)/(-54). Calculate the greatest common divisor of t and 76.
19
Let s = -43 - -46. Let z = 10 - -23. What is the highest common factor of z and s?
3
Let d be ((-4)/(32/6))/(2/(-336)). What is the highest common factor of d and 14?
14
Let b be (24/3 - -4) + -3. Suppose -5*s - 4*j = -0*j - 237, 4*j = -4*s + 192. Calculate the highest common divisor of s and b.
9
Let w = 26 + -21. Suppose 0*r + b + 2 = w*r, r - 3*b = 6. Suppose -5*o + 381 - 21 = r. Calculate the highest common divisor of o and 36.
36
Let t(u) = u**2 - u - 18. Let f be t(-6). Suppose f - 420 = -4*w. Calculate the highest common divisor of 33 and w.
33
Suppose -7*d + 51 = 16. Suppose -5*l + d*x = -925, 0 = 3*l - 0*x + 2*x - 530. Suppose 13*c - 14*c = -l. What is the highest common divisor of 20 and c?
20
Let s = -36 + 60. Let l(h) = -h**3 - 3*h**2 - h. Let c be l(-3). What is the highest common divisor of s and c?
3
Suppose 129 = -7*l + 1599. Calculate the highest common divisor of 30 and l.
30
Let y be 1/(3/3024*2). Calculate the highest common factor of 112 and y.
56
Let i(p) = -p**3 - 8*p**2 + 2*p - 91. Let n be i(-10). Calculate the highest common factor of n and 2.
1
Let b = 23 - 36. Let z = b + 27. What is the greatest common divisor of 14 and z?
14
Suppose 2*f - 4*q - 9 = 7, 31 = 3*f + q. Suppose -28 = -k - 8. Calculate the highest common divisor of f and k.
10
Let o = 9 - -19. Suppose 3*a - 2*a - 158 = 5*l, -4*a + 3*l = -547. Suppose -o = 5*d - a. What is the highest common divisor of 189 and d?
21
Let n be ((-15)/(-4))/(18/48). Let v(r) = -r**3 + 10*r**2 + 3*r + 24. Let p be v(n). What is the greatest common factor of p and 135?
27
Let r = 254 + 97. What is the greatest common factor of 54 and r?
27
Let b be 1 - (-5 + 0 + 2). Suppose 5*o = -w - 0*o + 2, -4*w + o = -8. Suppose -w*c + 6 = b. Calculate the highest common factor of 11 and c.
1
Let o(l) be the second derivative of l**5/20 + l**4 + 8*l**3/3 - 24*l. Let u be o(-8). Suppose -2*j + 64 = -0*j. What is the greatest common divisor of j and u?
32
Let u be (-1)/(-3) - (-132)/36. Suppose -49 + 185 = u*p. Let a = 35 + -18. What is the greatest common divisor of p and a?
17
Suppose 2*q + 474 = -112. Let j = q + 529. Let z = -136 + j. Calculate the greatest common factor of 25 and z.
25
Suppose -3*u = 2*c - 0*c + 20, -5*c + 5 = 2*u. Let i be (1 + -3 + 11)/(-9 - u). What is the greatest common divisor of i and 27?
9
Let b(a) = a**2 + 4*a + 2. Let v be b(-2). Let i be ((-2)/(-5))/(v/(-10)). What is the greatest common factor of 16 and i?
2
Let h be (-1)/(-2) + 51/6. Let w = h - 13. Let s(y) = -2*y**3 - 3*y**2 + 6*y + 7. Let g be s(w). What is the highest common divisor of g and 9?
9
Let h(i) = 103*i + 201. Let v be h(-1). Calculate the highest common factor of v and 196.
98
Suppose 0 = -19*n + 21781 - 3351. What is the highest common divisor of n and 20?
10
Let i(c) = -9*c + 225. Let s be i(23). What is the greatest common factor of 99 and s?
9
Suppose 293 = 7*c - 267. What is t